f 63406957?
9
What is the ten millions digit of 478771638?
7
What is the ten thousands digit of 20274027?
7
What is the billions digit of 4681810925?
4
What is the tens digit of 1028976251?
5
What is the millions digit of 135362398?
5
What is the thousands digit of 6844756?
4
What is the millions digit of 153190665?
3
What is the ten thousands digit of 181513608?
1
What is the hundred millions digit of 160226793?
1
What is the millions digit of 320685965?
0
What is the millions digit of 584918757?
4
What is the hundreds digit of 242244584?
5
What is the hundred thousands digit of 161493104?
4
What is the hundred thousands digit of 94593107?
5
What is the hundreds digit of 29506379?
3
What is the billions digit of 6683422013?
6
What is the tens digit of 33658430?
3
What is the hundred millions digit of 328283086?
3
What is the tens digit of 1014308166?
6
What is the tens digit of 30056034?
3
What is the ten thousands digit of 4687715323?
1
What is the hundred thousands digit of 15169388?
1
What is the hundred millions digit of 369115131?
3
What is the ten thousands digit of 32657668?
5
What is the hundreds digit of 260834267?
2
What is the units digit of 3960189869?
9
What is the tens digit of 12832996?
9
What is the tens digit of 59106227?
2
What is the hundreds digit of 535749811?
8
What is the units digit of 2453786640?
0
What is the thousands digit of 496783109?
3
What is the ten thousands digit of 1747626432?
2
What is the units digit of 7245281887?
7
What is the ten thousands digit of 146887540?
8
What is the hundred thousands digit of 53123666?
1
What is the ten thousands digit of 72901753?
0
What is the ten millions digit of 50974246?
5
What is the tens digit of 515831086?
8
What is the hundred thousands digit of 99207729?
2
What is the ten thousands digit of 3422966385?
6
What is the hundred thousands digit of 11882105?
8
What is the hundred thousands digit of 103514153?
5
What is the ten thousands digit of 943862944?
6
What is the ten thousands digit of 43436292?
3
What is the hundred thousands digit of 135108086?
1
What is the units digit of 805408346?
6
What is the units digit of 2141325008?
8
What is the hundreds digit of 4002890223?
2
What is the thousands digit of 101211104?
1
What is the tens digit of 184707984?
8
What is the thousands digit of 241517560?
7
What is the millions digit of 1763965551?
3
What is the hundreds digit of 1865814533?
5
What is the hundred thousands digit of 328651563?
6
What is the hundred thousands digit of 196278103?
2
What is the units digit of 2151863700?
0
What is the ten thousands digit of 5742839251?
3
What is the hundred thousands digit of 293468604?
4
What is the millions digit of 1895670357?
5
What is the millions digit of 495710113?
5
What is the thousands digit of 3567983200?
3
What is the millions digit of 1003502798?
3
What is the millions digit of 59721743?
9
What is the tens digit of 208669219?
1
What is the hundreds digit of 5861394077?
0
What is the thousands digit of 18074340?
4
What is the hundred thousands digit of 1054224030?
2
What is the hundreds digit of 425706896?
8
What is the hundreds digit of 810549436?
4
What is the hundred thousands digit of 216988221?
9
What is the tens digit of 2761121430?
3
What is the thousands digit of 1271734035?
4
What is the hundreds digit of 54686442?
4
What is the thousands digit of 91931140?
1
What is the hundred millions digit of 556510348?
5
What is the ten thousands digit of 7761498?
6
What is the ten thousands digit of 3245422094?
2
What is the ten millions digit of 120115615?
2
What is the units digit of 30498429?
9
What is the hundred millions digit of 2816541124?
8
What is the hundred thousands digit of 448886335?
8
What is the tens digit of 94013733?
3
What is the millions digit of 1162683383?
2
What is the units digit of 70177774?
4
What is the thousands digit of 75992399?
2
What is the hundreds digit of 19902651?
6
What is the millions digit of 15634179?
5
What is the units digit of 92375652?
2
What is the ten millions digit of 945884851?
4
What is the thousands digit of 3316237606?
7
What is the ten millions digit of 254591857?
5
What is the tens digit of 124041118?
1
What is the thousands digit of 1051438859?
8
What is the hundreds digit of 1652849?
8
What is the ten thousands digit of 227658529?
5
What is the ten millions digit of 1850705294?
5
What is the hundred thousands digit of 82104657?
1
What is the hundreds digit of 26579681?
6
What is the hundreds digit of 458810580?
5
What is the hundred millions digit of 851403212?
8
What is the units digit of 155766272?
2
What is the hundred thousands digit of 38992522?
9
What is the hundreds digit of 753418582?
5
What is the hundred thousands digit of 652040463?
0
What is the ten millions digit of 48441512?
4
What is the ten thousands digit of 444803099?
0
What is the thousands digit of 2535863568?
3
What is the millions digit of 138880314?
8
What is the hundreds digit of 31024591?
5
What is the thousands digit of 3673213775?
3
What is the hundred thousands digit of 47526231?
5
What is the millions digit of 1892689346?
2
What is the hundreds digit of 46382570?
5
What is the units digit of 251271320?
0
What is the ten thousands digit of 186408555?
0
What is the hundreds digit of 37714015?
0
What is the hundred millions digit of 685407169?
6
What is the ten millions digit of 36371298?
3
What is the thousands digit of 39142808?
2
What is the units digit of 408657990?
0
What is the ten millions digit of 1235701334?
3
What is the ten millions digit of 457189276?
5
What is the hundreds digit of 28899215?
2
What is the tens digit of 867074649?
4
What is the hundred millions digit of 179968701?
1
What is the thousands digit of 5457774?
7
What is the millions digit of 2489221?
2
What is the billions digit of 3237122165?
3
What is the hundred thousands digit of 38505403?
5
What is the thousands digit of 23551191?
1
What is the hundred thousands digit of 10074092?
0
What is the ten thousands digit of 76513470?
1
What is the ten millions digit of 901547869?
0
What is the hundred millions digit of 205884793?
2
What is the tens digit of 976174792?
9
What is the ten thousands digit of 30497359?
9
What is the ten millions digit of 37309291?
3
What is the units digit of 259827774?
4
What is the tens digit of 7420199623?
2
What is the hundred thousands digit of 70941788?
9
What is the millions digit of 15028832?
5
What is the ten millions digit of 3054637535?
5
What is the tens digit of 287509422?
2
What is the ten millions digit of 433754432?
3
What is the ten thousands digit of 6383062153?
6
What is the hundred thousands digit of 167830776?
8
What is the ten thousands digit of 747804002?
0
What is the ten millions digit of 48317760?
4
What is the units digit of 55883333?
3
What is the thousands digit of 142035791?
5
What is the millions digit of 38949900?
8
What is the hundred thousands digit of 222043379?
0
What is the thousands digit of 287416586?
6
What is the hundred millions digit of 248653861?
2
What is the millions digit of 284301441?
4
What is the millions digit of 44330535?
4
What is the billions digit of 2629195835?
2
What is the millions digit of 111397674?
1
What is the hundred millions digit of 1050386855?
0
What is the tens digit of 167478373?
7
What is the ten thousands digit of 12813026?
1
What is the units digit of 1442197484?
4
What is the millions digit of 2549291?
2
What is the thousands digit of 18768102?
8
What is the ten millions digit of 43919712?
4
What is the ten thousands digit of 504053615?
5
What is the millions digit of 20736988?
0
What is the ten thousands digit of 335811558?
1
What is the ten thousands digit of 20373140?
7
What is the units digit of 86946617?
7
What is the hundreds digit of 1033876745?
7
What is the hundreds digit of 479522488?
4
What is the thousands digit of 3276604307?
4
What is the hundred millions digit of 1926447508?
9
What is the hundred millions digit of 792362495?
7
What is the ten thousands digit of 2403745924?
4
What is the tens digit of 98246960?
6
What is the ten millions digit of 1229445749?
2
What is the thousands digit of 1357356933?
6
What is the tens digit of 2676964068?
6
What is the ten millions digit of 4100335780?
0
What is the 